. What is s(v)?
-6
Let f(j) = -j**3 + 5*j**2 + 83 - 91 - 6*j + 2*j**3. What is f(-6)?
-8
Let s be 11/(-33) - (-4)/3. Let y(i) = -18*i**2 + 1. What is y(s)?
-17
Let p(g) = -2*g**2 + 9*g - 60. Let b(k) = -2*k**2 + 8*k - 48. Let q(t) = 5*b(t) - 4*p(t). Determine q(4).
-16
Let i(x) be the first derivative of -3*x**2 - 5*x - 18. Give i(4).
-29
Let j(t) = -t**3 + 2*t - 1. Let l = 40 - 36. Suppose -l*m + 4 = -2*m. Calculate j(m).
-5
Let c(w) = -w**2 - 5*w + 1. Let j(y) = -y**3 + 13*y - 18. Let l be j(3). Give c(l).
-5
Let k = 17 + -13. Let f(r) = -10*r - 8*r + k*r**2 + r**3 + 19*r. Determine f(-3).
6
Let y(u) = u**2 - 3*u - 6. Let g(b) = -b**2 - b. Let c(k) = 2*g(k) + y(k). Calculate c(-4).
-2
Suppose -2*p + 24 = 2*p - 4*z, 0 = 5*p - 4*z - 30. Let x(s) = -5*s + p + s + 2*s + s. Calculate x(8).
-2
Let f(b) = -b + 28. Let s be f(30). Let m(h) = 3*h**3 - h - 1. Calculate m(s).
-23
Let k(s) = -s**3 + 4*s**2 - 4*s + 3. Let t be k(3). Suppose -p + 2 = 2*v, -5*v = -4*p + 7 + 1. Let b(f) = -f**2 - 16 - 4*f**3 + 5*f**3 + 0*f**p. Determine b(t).
-16
Let f(d) = -d**2 + 6*d - 2. Let y = 165 + -162. Give f(y).
7
Suppose 0 = -338*i + 179*i. Let f(v) = -v - 3*v + 3*v + 7 + v**3. What is f(i)?
7
Let w be 198/42 + 0 - (-2)/7. Let k(m) be the third derivative of m**2 + 1/8*m**4 - 1/60*m**5 + 1/2*m**3 + 0 + 0*m. What is k(w)?
-7
Let w(l) = 1 - 140*l + 160*l - 16*l. Let a(r) = r**3 + 6*r**2 + r + 8. Let z be a(-6). Determine w(z).
9
Let u(f) = -6*f. Let c = -41 + 42. Give u(c).
-6
Suppose 5*q - 2*z - 3*z + 5 = 0, z - 4 = 0. Let h be (-6)/14 + 17/7. Let v(n) = -5*n + q*n - 6*n**2 + n + 2*n**h. What is v(-1)?
-3
Let o = 3 + -1. Let d(l) = -l**2 - 3*l + 49. Let a(h) = -h + 12. Let c(u) = -9*a(u) + 2*d(u). Let n(x) be the first derivative of c(x). Give n(o).
-5
Let n = 15 - 7. Suppose 0 = n*h - 7*h - 3. Let l(y) = -4*y**2 + 6. Let f(s) = -3*s**2 - s + 5. Let p(i) = h*f(i) - 2*l(i). What is p(-3)?
3
Suppose -2*u + 9*r = 5*r + 10, -5*u + 45 = 4*r. Let y(o) = o**2 - 3*o - 7. Give y(u).
3
Let x(o) = o**3 + 4*o**2 - 6*o + 2. Let v be x(-5). Let q(w) = 1 + 15*w**2 - 5*w**2 - v*w**2 + 2*w - w**3. Give q(4).
-7
Let q(o) be the third derivative of -o**5/10 - o**4/12 - o**3/3 + 328*o**2. Calculate q(-2).
-22
Suppose x + 15 = -1. Let l be (-17)/(-3) - x/(-24). Let r be -2 + (-3)/(-1) + l. Let a(o) = -o**3 + 7*o**2 - 4*o - 8. Determine a(r).
4
Let x(o) = -5*o - 1. Let z be x(-3). Let p(w) = w**2 + 10*w - z*w + 2 + 3*w. Give p(2).
4
Let y(g) = g**3 + 14*g**2 + 2. Let v be y(-14). Let o(q) = -6 + 9 + q**2 - 2 - v*q - 8*q**3. Determine o(1).
-8
Let i(n) = 9*n - 222 + n**2 - 218 + 876 - 221 - 218. Suppose d + 3 + 7 = 0. Calculate i(d).
7
Suppose 0 = s - 4 - 1, -3*m = -2*s - 80. Let q be m/4*(-12)/18. Let c(p) be the second derivative of -p**3/6 - 2*p**2 - 2*p. What is c(q)?
1
Let q(i) be the third derivative of i**6/360 - i**5/20 - i**4/12 + i**3 + 6*i**2. Let f(a) be the first derivative of q(a). What is f(5)?
-7
Suppose 12*i + 42 = -66. Let b(c) = c**2 + 6*c - 30. Let u be b(i). Let t(o) = 5*o + 3. What is t(u)?
-12
Let z(k) = -k**3 - 687*k + 337*k + 339*k + 12*k**2 - 12. What is z(11)?
-12
Let d(z) be the second derivative of z**4/6 + z**3/6 - z**2/2 + 3*z - 93. What is d(0)?
-1
Let s(t) = -3*t + 22 - 4*t + 11*t + 9*t. Let a(x) = -7*x - 12. Let z(y) = -11*a(y) - 6*s(y). Suppose -f - 3 = i, -2*f - i = 4*i + 3. Give z(f).
4
Suppose 6*b = 12*b - 12. Suppose -w - 2*w = -4*z + 24, b*z - 5*w - 26 = 0. Let j(n) = -n**3 + 3*n**2 + 2*n - 4. Calculate j(z).
2
Let a be (-4)/(24/9) + 238/68. Let f(l) be the first derivative of -1/2*l**2 - 7 + a*l. Calculate f(1).
1
Let c(p) = -p**2. Let i(z) = 2*z**2 - 9*z - 17. Let a(r) = 3*c(r) + i(r). Let x be a(-7). Let q(s) = -s + 3. Give q(x).
6
Let m(s) be the third derivative of s**4/8 - 2*s**2 - 4. Determine m(-4).
-12
Suppose 0 = -3*i - 5*m + 9, 9 = 3*i - 5*m. Let b(o) = -i - 48*o**2 - 1 + 49*o**2. Determine b(0).
-4
Let m(q) = -3*q**2 + 1391*q + 11*q**2 + 6 - 1396*q. Give m(3).
63
Let z(p) = -15*p + 95. Let v be z(6). Let y(k) = k**2 - 2*k + 5. Give y(v).
20
Let t(h) = -h. Let q(l) = l**3 - 15*l**2 + 17*l - 35. Let p be q(14). Let i = 4 - -1. Suppose p = 3*m - i. Give t(m).
-4
Let z(g) = -g + 1. Let r(a) = -a**3 - 10*a**2 - 17*a - 13. Let u be r(-8). Let l(w) = 2*w - 1. Let h(b) = u*z(b) - l(b). Determine h(-4).
-16
Let z(k) = k - 1. Let r be z(4). Let n(t) = -55*t**3 - 6*t**2 - 5*t + 56*t**3 - r - 4. Give n(7).
7
Let q(l) = -l - 15. Let t(i) = i + 29. Let z(d) = -5*q(d) - 2*t(d). Determine z(-9).
-10
Let k(z) = -2*z - 7. Let v be (910/273)/((-4)/6). Determine k(v).
3
Let w(x) = -2*x**2 + 2*x - 4. Let t(z) = -3*z**2 + 3*z - 8. Let r(y) = 3*t(y) - 5*w(y). Calculate r(4).
8
Let z(i) be the third derivative of -1/6*i**4 - 2*i**2 + 1/3*i**3 + 0 + 0*i. Let r = -56 - -58. Determine z(r).
-6
Let t(b) be the second derivative of b**3/6 + 2*b**2 + 2*b. Suppose 100*u = -3*p + 96*u + 9, -u = p - 3. Give t(p).
7
Let v = 4 + -1. Let f(q) = -18*q + 49. Let h(u) = 26*u - 69. Let m(k) = -7*f(k) - 5*h(k). Calculate m(v).
-10
Let x(j) = -j**2 + 9*j + 4. Let m(h) = 3*h**2 + 7*h + 9. Suppose 5*v + 18 = 4*t, -2*v - t - 1 = 1. Let y be m(v). What is x(y)?
18
Let t be 1 + -1 - (-11)/(44/12). Let v(z) = -3*z + 2. Let q(u) = -1 + 2 - u - u. Let a(g) = 4*q(g) - 3*v(g). Give a(t).
1
Let i(g) = -6*g + 10. Suppose 5*h + 1 = 4*y + 39, -3*y + 6 = 2*h. Calculate i(h).
-26
Let r(j) = -j**2 - 18*j - 51. Let t(y) = y**2 + 19*y + 51. Let s(i) = -2*r(i) - 3*t(i). Calculate s(-18).
3
Let c(b) = b - 8*b - 5 - 9*b + 14*b. Let r(t) = -t - 1. Let n(s) = -c(s) + 6*r(s). Calculate n(1).
-5
Let f(n) = n**3 - 2*n**2 + 2. Let g(q) = -2*q**3 + 5*q**2 - 4. Let i(m) = -5*f(m) - 2*g(m). Let d be 27/(-12) - 2/(-8). Let p be (0*d/(-6))/(-1). What is i(p)?
-2
Let w(k) = k**3 + 5*k**2 + 2*k + 2. Suppose -16*r - 27 = -11*r - i, -5*r - 2*i = 36. Calculate w(r).
-46
Let m(s) be the second derivative of s**5/120 - 5*s**4/24 - 7*s**3/6 + 12*s. Let a(q) be the second derivative of m(q). Determine a(-4).
-9
Suppose 321*i - 331*i = 30. Let u(z) = 2*z**2 + 2*z + 2. Give u(i).
14
Let d(u) be the third derivative of u**5/30 - u**4/24 + u**2. Let m(c) = -c**3 - 6*c**2 - c - 7. Let i be m(-7). Let z = i - 50. Give d(z).
3
Let b(w) = -w**2 + 16. Let y = 536 - 540. Determine b(y).
0
Let j be 2/(-8) - 1/(-4). Suppose 5*t = 3*p + 1, -t - t - p + 7 = j. Let q(x) be the first derivative of -x**4/2 - x**3/3 + x**2 - 2*x - 644. What is q(t)?
-18
Suppose 93*h - 96*h = 0. Let c(i) = 0 + h + i + 7. Let u = 3 + 3. Determine c(u).
13
Let o(c) = -c**2 + 7*c - 4. Let z(w) = -2*w**3 + 10*w**2 + 24*w - 2. Let h be z(-2). Give o(h).
2
Let n be (0/(-1))/(3*-1). Let m(h) = h**2 + 4. Let w be m(n). Let g(v) = 2 - 3*v - 3*v**2 - 7*v**3 + 4*v**3 + 4*v**3 + 1. Calculate g(w).
7
Suppose 3*c - 5*c = 10. Let v = c - -8. Let r be 1/((v/(-12))/1). Let i(s) = s - 2. What is i(r)?
-6
Let y be 4/(-10) + (-92)/20. Let z(q) = -2*q + 4 + 1818*q**2 + 2 - 1817*q**2 + 8*q. Determine z(y).
1
Let a(s) be the third derivative of 0*s + 1/60*s**5 + 7/6*s**3 + 0 + 7*s**2 - 5/24*s**4. Give a(5).
7
Let n be (-3 + 1)*(-1 - (-2)/(-4)). Let a(l) be the first derivative of -1/4*l**4 - 3*l - 1 + 5/3*l**3 - 3/2*l**2. Give a(n).
6
Let s(m) = m**2 + 5*m + 3. Let p be -5 + 9/(-3) + (-8)/(-2). Calculate s(p).
-1
Let h = -1 - -14. Suppose 2*j = -w + h, j + w = 6*j - 15. Let p be ((-15)/30)/((-2)/j). Let l(d) = -4*d**3. Give l(p).
-4
Let b(p) = -4 + 4 + 4*p + 4 + 2 - 9. What is b(-7)?
-31
Let d(b) = b + 8. Let r be -4*4/(-8) - -3. Let o(k) = k + 9. Let p(h) = r*o(h) - 6*d(h). Let n = -1 + -4. What is p(n)?
2
Let k(f) = -2*f - 2. Let l = -157 - -157. What is k(l)?
-2
Let w(a) = -7*a**2 - 7*a**3 + 9*a**2 + 2 - 9*a**2 + 0 + 5*a. Let d(q) = 6*q**3 + 6*q**2 - 4*q - 1. Let y(f) = 6*d(f) + 5*w(f). Give y(0).
4
Let m = -6 - -15. Suppose -m - 1 = -2*g. Let y(u) = -3*u - 2*u - 5*u**2 + 1 + g*u. Give y(1).
-4
Suppose -o - 17 = -2*d, 2*d - 2 = -2*o + 12. Let m(g) = -d*g**2 - 1 + 8*g - g**2 - 7*g. Suppose -2*h = 2*h - 4. Determine m(h).
-9
Let g(j) = -j**2 - 2*j + 1. Suppose 3*t + 12 = 4*y + 7*t, y + 2 = 4*t. Let l be (0 + y - 0)/((-22)/55). Determine g(l).
-14
Suppose 7*d - 6*d = 7. Let y(o) = o**2 - d*o - 2*o + 8*o. Determine y(4).
12
Let o(q) = -4*q - 2*q - q - 16 + 0*q. Let b(y) = 